vided by 7?
0
Let y be 6 + ((-17118)/63 - 2/7). What is the remainder when -6 - (-2 + 2) - (-3 + y) is divided by 19?
16
Suppose 2*r = -5*z + 42 + 325, 35 = 5*z. Calculate the remainder when r is divided by 80.
6
Let n(u) = -u**2 + 119*u + 2334. What is the remainder when n(133) is divided by 76?
16
Let l(f) be the second derivative of -f**5/10 - 4*f**4/3 - f**3 + 17*f**2 - 70*f. Calculate the remainder when l(-8) is divided by (-112)/(-6) - 4/6.
10
Suppose 4*a + 16 = 8*a. Suppose a*n = -5*c + 425, -2*n + c + 220 = 5*c. What is the remainder when n is divided by 52?
48
Let j(q) = -q + 38. Let n(y) = -13. Let b(u) = 4*j(u) + 11*n(u). Suppose 2*d + a + 5 = 4, 3*a - 6 = -3*d. What is the remainder when b(d) is divided by 9?
3
Suppose -2*o - 2 = 0, -3*o - 26 = -132*v + 131*v. Suppose 4*s + d - 2*d = 221, 3*s - 166 = d. What is the remainder when s is divided by v?
9
Let s be (((-1024)/24)/(-8))/(2/9). Suppose 0 = -7*w + s*w - 102. Calculate the remainder when 35 is divided by w.
5
Suppose -332 = -4*m + 3*b, 14*b - 332 = -4*m + 11*b. What is the remainder when m is divided by 8?
3
Let r(w) = -573*w - 1610. Calculate the remainder when 144 is divided by r(-3).
35
Let r = 3624 - 3444. What is the remainder when r is divided by 84?
12
Let n(l) = l**3 + 11*l**2 + 5*l - 5. Let w be n(-10). Calculate the remainder when 94 is divided by 3*3/w + (-244)/(-5).
45
Let m(r) = 34 - 13 - 17 - 2*r - r. What is the remainder when ((-5 - -2) + -22)/(2 - 3) is divided by m(-3)?
12
Let k(l) = l**3 + 9*l**2 + 4*l + 6. Suppose 0 = 4*i + 4*i - 112. Suppose 10*s - i*s = -52. Calculate the remainder when k(-8) is divided by s.
12
Suppose -13*z = -2*b - 18*z + 586, 15*b = z + 3933. What is the remainder when b is divided by ((-82)/(-3))/((-2)/(-6))?
17
Let z(y) = y**3 - 12*y**2 + 105*y - 21. Calculate the remainder when z(14) is divided by 97.
95
Suppose w - 6 = 3*l - 1, -70 = -3*w - 2*l. Suppose -2*m + 514 = -5*r, 4*r + 5*m = 4*m - 406. Calculate the remainder when r/(-2) + 6 + -1 is divided by w.
16
Let r(n) = -n**2 - 7*n - 8. Suppose -21*t = -19*t - 10. Suppose -o + 5*p - 26 = -5*o, -p - 18 = -t*o. What is the remainder when o is divided by r(-4)?
0
Let a(b) = 32*b**3 - 4*b**2 + b - 12. Calculate the remainder when a(3) is divided by 160.
19
Let l(r) be the second derivative of -1/12*r**4 - 17*r + 9/2*r**2 + 2/3*r**3 + 0. What is the remainder when l(5) is divided by 4?
0
Let q(c) = c + 21. Let r be q(-9). Let o = -9 + r. Suppose -5*i - 3*x + 13 = 0, -3*i + 7*x = o*x - 2. What is the remainder when i is divided by 2?
0
Suppose 775*f - 20500 = 317*f - 645*f + 28032. What is the remainder when f is divided by (1 + 1)*(-17)/(-2)?
10
Let r(u) = -3*u + 8 + 2*u + 4*u + 3*u - 5*u. Suppose -1 - 1 = -2*b. Calculate the remainder when 33 is divided by r(b).
6
Suppose -3*k + 12 + 422 = -67. What is the remainder when k is divided by 126?
41
Let p be (-2)/5*700/20. Let x = p + 19. Suppose v - 4*c = 77, 0 = -x*v + 2*c + 107 + 278. Calculate the remainder when v is divided by 20.
17
Let t(d) = -6*d - 19. Let i(y) = 18*y + 56. Let c(x) = -5*i(x) - 14*t(x). Let g = -8954 - -8948. What is the remainder when c(g) is divided by 6?
4
Suppose -2*u + 778 = -2*g, 3*u - 838 = -4*g + 371. Calculate the remainder when u is divided by 88.
43
Let s = -259 - -289. Let k = -37 + 65. Calculate the remainder when s is divided by k.
2
Suppose -3*b + 25 = -8. Let i = 51 - 51. Let n = 21 - i. What is the remainder when n is divided by b?
10
Suppose 0 = p + 3*l - 13, 65*p - 60 = 61*p - 4*l. Calculate the remainder when p is divided by 2.
0
Suppose 0 = 3*n + 3*j - 162, 10*j = 38*n - 33*n - 240. Suppose x - 27 = f, -54 = -2*x - 0*x - 2*f. Calculate the remainder when n is divided by x.
25
Suppose 4*j + 1220 = -3*j + 12*j. Calculate the remainder when j is divided by 85.
74
Let h(q) = 1886*q**2 - 246*q + 250. Calculate the remainder when h(1) is divided by 471.
6
Let g = -249 - -213. Calculate the remainder when 207 is divided by g/54*171/(-6).
17
Let s(g) = -g**3 - g**2 + 8*g + 4. Let f be s(-5). Let t = -27 + 31. Suppose t*m = -4*m + f. Calculate the remainder when 13 is divided by m.
5
Suppose 0 = -3*n - 6*g + 7*g + 145, -2*n = -12*g - 108. What is the remainder when 3071 is divided by n?
47
Let n = -113 + 227. Let t = n - 88. Suppose -29*m = 2*v - 26*m - 26, 4*v - m - 38 = 0. Calculate the remainder when t is divided by v.
6
What is the remainder when 1 - (-19297)/(-23)*-1 is divided by 57?
42
Suppose -42*y + 5 = -41*y. Suppose -5*p = 6*p - 583. Calculate the remainder when p is divided by y.
3
Let s(a) = 590*a**2 + 540*a - 1625. Calculate the remainder when s(3) is divided by 18.
13
Suppose -5*x = -1182 - 1378. Let u = x - 500. What is the remainder when 429 is divided by u?
9
Let q be 204/10*120/(-36). Let i(p) = 11*p**2 + 4*p - 1. Let w be i(-3). Let g = w + q. Calculate the remainder when 89 is divided by g.
17
Let t be (5 + 84/(-18))*78. Suppose -2*v + t + 2 = 0. Let p(u) = -u**3 - 2*u**2 + 4*u - 1. Calculate the remainder when p(-5) is divided by v.
12
Let d(a) = 3*a**2 - 41*a + 25. Let f(q) = -16*q + 466. Calculate the remainder when d(17) is divided by f(28).
15
Suppose 38*n + 184 = 6*m + 42*n, n + 45 = 2*m. What is the remainder when 3997 is divided by m?
19
Let u(h) be the second derivative of -95*h**3/6 + 4*h**2 - h - 79. What is the remainder when u(-2) is divided by 50?
48
Let w be (-54)/((-14)/(-12) - 1). What is the remainder when 37 is divided by 22*(-8)/(-18) + (-72)/w?
7
Let h(t) = 2*t**2 + 4*t + 1. Suppose -5*b + 16 = -6*b - 3*k, 4*k + 36 = -5*b. Let p = b + 10. Calculate the remainder when h(p) is divided by 14.
13
Suppose -248*k + 94507 + 69395 = -71*k. What is the remainder when k is divided by 114?
14
Let i(k) = k**2 + 26*k + 33. Let q = -121 - -96. Calculate the remainder when 167 is divided by i(q).
7
Let j = -46 - -95. Let g = -2247 - -2342. Calculate the remainder when g is divided by j.
46
Let n(f) = f**2 - 5*f + 4. Let g be n(1). Suppose 5*u - 4*w = 76, g = u + 6*w - 2*w + 4. Calculate the remainder when 129 is divided by u.
9
Let l(k) = -1650*k + 14926. What is the remainder when 251 is divided by l(9)?
23
Suppose -249993 = -241*q + 577964 + 306430. Calculate the remainder when 14133 is divided by q.
12
What is the remainder when 656 is divided by (-8)/20*10 + (-1)/((-6)/924)?
56
Let g = -80 + 93. Calculate the remainder when 1/(-2)*10 + g is divided by 3.
2
Let g = -2364 - -2516. What is the remainder when g is divided by 12?
8
Let q = 106 + -102. Suppose -q*s + o + 806 = 3*o, 3*s + 4*o = 607. What is the remainder when s is divided by 6?
3
Suppose 32 = 16*y - 12*y. Suppose -4*j + 49 = 3*z, y*j = 2*z + 7*j - 40. Let t = 176 + -83. What is the remainder when t is divided by z?
17
Let y = -57 + 171. Let t be 9/(252/(-8)) - y/(-7). Suppose -2*g + 95 = -5*w, -5*g + t + 196 = -4*w. What is the remainder when 158 is divided by g?
38
Suppose 4*j - 2*z = 244, 15*z = -4*j + 13*z + 236. Calculate the remainder when 273 is divided by j.
33
Let a = 565 - 565. Suppose a = 3*i - 64 - 116. What is the remainder when 1378 is divided by i?
58
Suppose 17*y = 11*y + 11*y - 65. Calculate the remainder when 160 is divided by y.
4
Suppose 0 = -18*x + 10852 - 1222. Let p = x + -300. What is the remainder when p is divided by 17?
14
Suppose -3*f - 2*u + 16 = 0, u - 2 = 3. Suppose -q = f*q - 291. Let i = q + -17. What is the remainder when i is divided by 42?
38
Let x(h) = 36*h - 27. Let c be x(-7). Let u be (c/(-3) - 4)*1. Let m = 7 + u. Calculate the remainder when m is divided by 33.
30
Let s(y) = y**3 - 40*y**2 - y + 125. Let t be s(40). What is the remainder when (-21998)/t*(-10)/4 + -2 is divided by 27?
24
Let q = 19203 + -12070. Calculate the remainder when q is divided by 82.
81
Let n = 22911 + -22891. What is the remainder when 2509 is divided by n?
9
Let d(x) be the first derivative of 2*x**3/3 - 11*x**2 + 5*x + 1. Let i be 4 - (-77)/14 - 21/(-14). What is the remainder when 9 is divided by d(i)?
4
Let a be 1/((-5 + 2)/6). Let j be (150/45)/((8/6)/a). Calculate the remainder when -4*j/20*142 is divided by 24.
22
What is the remainder when 1633 is divided by (-50)/(-6)*22 + (-128)/384?
169
Let k = -288 + 309. Let q be 2/5 - (-3570)/(-50). Let t = -34 - q. Calculate the remainder when 